{"id":219,"date":"2024-06-27T11:15:41","date_gmt":"2024-06-27T11:15:41","guid":{"rendered":"https:\/\/capfico.cat\/projectes\/fundacio-garcia-ibanez\/"},"modified":"2024-11-27T08:54:32","modified_gmt":"2024-11-27T08:54:32","slug":"fundacio-garcia-ibanez","status":"publish","type":"projectes","link":"https:\/\/capfico.cat\/es\/projectes\/fundacio-garcia-ibanez\/","title":{"rendered":"Fundaci\u00f3 Garc\u00eda-Iba\u00f1ez"},"content":{"rendered":"","protected":false},"featured_media":216,"template":"","categoria-projectes":[25,14],"class_list":["post-219","projectes","type-projectes","status-publish","has-post-thumbnail","hentry","categoria-projectes-destacats-principal","categoria-projectes-web"],"_links":{"self":[{"href":"https:\/\/capfico.cat\/es\/wp-json\/wp\/v2\/projectes\/219","targetHints":{"allow":["GET"]}}],"collection":[{"href":"https:\/\/capfico.cat\/es\/wp-json\/wp\/v2\/projectes"}],"about":[{"href":"https:\/\/capfico.cat\/es\/wp-json\/wp\/v2\/types\/projectes"}],"wp:featuredmedia":[{"embeddable":true,"href":"https:\/\/capfico.cat\/es\/wp-json\/wp\/v2\/media\/216"}],"wp:attachment":[{"href":"https:\/\/capfico.cat\/es\/wp-json\/wp\/v2\/media?parent=219"}],"wp:term":[{"taxonomy":"categoria-projectes","embeddable":true,"href":"https:\/\/capfico.cat\/es\/wp-json\/wp\/v2\/categoria-projectes?post=219"}],"curies":[{"name":"wp","href":"https:\/\/api.w.org\/{rel}","templated":true}]}}

Fundació García-Ibañez
